 s*a. What is the remainder when a is divided by 12?
9
Let p(k) = k**3 - k**2 - k - 3. Let s be p(0). What is the remainder when (-22)/(-1) - (-5 - s) is divided by 13?
11
Let x = -17 + 19. Let j be (-1*2)/((-2)/4). Let a = j - 2. What is the remainder when x is divided by a?
0
Let f(j) = j**3 + j**2 - j - 1. Let z be f(-2). Calculate the remainder when 9 is divided by -5*((-24)/(-10))/z.
1
Suppose 10 = -z + 3*z, -z = -2*j + 43. Let s = j + -17. What is the remainder when 11 is divided by s?
4
Suppose -5*h - 4*m + 220 = 0, 9*h = 4*h - 3*m + 215. Suppose 0 = -n - n. Let q = n - -14. What is the remainder when h is divided by q?
12
Let w be ((-17)/(-5))/(7/35). Calculate the remainder when w - 3/(3/(-1)) is divided by 5.
3
Suppose -39 - 25 = -4*i. What is the remainder when 25 is divided by ((-24)/i)/(6/(-56))?
11
Let k = 49 - 33. What is the remainder when 27 is divided by k?
11
Let x = -272 - -290. Let g be (-2)/(-2)*1*53. Suppose -g = 4*a - 189. Calculate the remainder when a is divided by x.
16
Let c = -2 + 11. Calculate the remainder when 16 is divided by c.
7
Suppose -4*p - 37 = -105. Let r = p - 6. Calculate the remainder when 30 is divided by r.
8
Let o(s) = 24*s + 7. Calculate the remainder when o(4) is divided by 26.
25
Let m(u) = u**3 - 4*u**2. What is the remainder when m(6) is divided by 25?
22
What is the remainder when 42 is divided by (12 + (1 - 2))*1?
9
Suppose -3*t = 5*l - 66 - 113, 4*l = -3*t + 142. What is the remainder when l is divided by 20?
17
Let c(h) = h - 1. Let o be c(6). Suppose o*j - 4 = -0*j + 2*l, -2*j = -l - 1. Calculate the remainder when 4 is divided by j.
0
Calculate the remainder when 1340/12 - 4/6 is divided by 38.
35
What is the remainder when 26 is divided by -2 - -3 - (-7 - 2)?
6
Let x(o) = o**3 + 3*o**2 - 7*o - 5. Let n = -22 - -18. Calculate the remainder when 23 is divided by x(n).
2
Suppose 7*y - 54 = 4*y. What is the remainder when 64 is divided by y?
10
What is the remainder when (-202)/(-4) - 3/(-6) is divided by 18?
15
Suppose -4*f + 3 = -41. What is the remainder when f is divided by 3?
2
Suppose -5*l + 0*l = -155. What is the remainder when 121 is divided by l?
28
Let q(t) = t + 16. Suppose -5*a = 5*k - 35, 2*a - 7 = a - 5*k. Calculate the remainder when a is divided by q(-11).
2
Suppose 3*s = 5*s. Suppose s = b - 3*f + 9, 25 + 2 = 2*b + 3*f. Calculate the remainder when b is divided by 3.
0
Suppose 0 = -3*p + 110 + 121. Suppose -21 = 4*r - p. Calculate the remainder when 55 is divided by r.
13
Let s = 121 - 81. Suppose 3*f = -2*f + s. Calculate the remainder when 13 is divided by f.
5
What is the remainder when 3/((-12)/(-688)) + -5 is divided by 10?
7
Suppose -3*b = -4*l + 51 + 43, 4*b + 8 = 0. Calculate the remainder when 85 is divided by l.
19
Let s(f) = -f**3 - 12*f**2 - 12*f + 9. Suppose 0 = 5*m - 341 - 54. Calculate the remainder when m is divided by s(-11).
19
Let i = -3 + 8. Let p = 5 - 1. Suppose 3*a - 8 = 2*l, 3*l - 5*l + 2*a = p. Calculate the remainder when i is divided by l.
1
Let r = -65 + 44. Let v = r - -30. Calculate the remainder when 34 is divided by v.
7
Let u = 29 + -3. Let t = -48 - -124. Calculate the remainder when t is divided by u.
24
Suppose 3*d + 5*i = -d + 34, -4 = -d + i. Suppose g = d*g. Suppose -2*k - 2 + 8 = g. Calculate the remainder when 4 is divided by k.
1
Let t = -30 - -50. What is the remainder when 58 is divided by t?
18
Let x = -120 + 188. What is the remainder when x is divided by 36?
32
Suppose 17 - 89 = -4*j. Calculate the remainder when 68 is divided by j.
14
Suppose -5*o - d + 239 = 0, 4*d = -2*o + 64 + 46. Calculate the remainder when o is divided by 12.
11
Suppose a + 29 = 5*t, -2*a = -2*t - 2*t + 28. Suppose 5*q - 2*q - 185 = -t*y, 0 = 2*y - q - 74. Calculate the remainder when y is divided by 19.
18
Suppose -144 = -4*w + 16. Suppose 2*r - w = -14. What is the remainder when -3 - (-43 - (-2 + 0)) is divided by r?
12
Let h(x) = -6*x**2 - x. Suppose 0 = -s - 2 + 4. Let w be h(s). Let y = -16 - w. What is the remainder when 28 is divided by y?
8
Suppose -206 = -3*j - 23. Let i(c) = 3*c**2 + c + 2. Suppose 0 = 2*p - 1 - 3. What is the remainder when j is divided by i(p)?
13
Suppose 0 = x - k - 4*k - 23, -2*k - 14 = -2*x. Suppose -2*m = -m - x. Calculate the remainder when m is divided by 1.
0
Let o(q) = q**3 + q**2 + 2*q + 5. What is the remainder when 34 is divided by o(0)?
4
Let a be (4/2 - 3) + 1. Suppose a = -3*i - 0*i + 3. Calculate the remainder when 2 is divided by i.
0
Calculate the remainder when 330/4*(-5 - -7) is divided by 24.
21
Suppose -4*a + 8 = -3*v - v, 4*a + 5*v = 8. What is the remainder when 21 is divided by ((-11)/22)/(a/(-32))?
5
Let z = 25 - 23. What is the remainder when 3 is divided by z?
1
What is the remainder when 68/85 + (-256)/(-5) is divided by 28?
24
Suppose -5*u - 3 = 4*i - 8, -u + 5*i + 30 = 0. Let f = -1 - -3. What is the remainder when u is divided by f?
1
Let x(s) = s**3 + 4*s**2 + 4*s. Let h be x(-3). Let t = h - -19. Calculate the remainder when t is divided by 280/49 + (-2)/(-7).
4
Suppose 2*l + 20 = 4*l. Let a = 30 + -24. What is the remainder when l is divided by a?
4
Suppose -4*f + 329 = 25. Suppose -3*b + 238 = f. Calculate the remainder when b is divided by 28.
26
Suppose 16*k - 11*k = 280. What is the remainder when k is divided by 19?
18
Let r(i) = -i**2 - 18*i - 16. Let v be r(-14). Suppose 2*f = -2*f + v. Suppose 0 = -2*m + 17 + 61. What is the remainder when m is divided by f?
9
Let z = 48 + 1. Let g = -103 + 171. Suppose -6*u + g = -2*u. What is the remainder when z is divided by u?
15
Suppose -17 - 43 = -5*o. Suppose 2*u - 22 = u. Calculate the remainder when u is divided by o.
10
Suppose -5*s + s + 40 = 0. Let j(p) = 2*p**2 - 5*p + 4. Let a be j(3). Let h = a + -1. What is the remainder when s is divided by h?
4
Suppose -6*s = -s - 145. Calculate the remainder when s is divided by 4/((2 + 0)/4).
5
Suppose -3*a + 4 = -8. Suppose 0 = a*f + 4*z - 48, -4*f - 18 = -4*z - 106. Calculate the remainder when 405/13 + 6/(-39) is divided by f.
14
Suppose 1 = -2*x + 3*x, 4*v - x = 91. Let s(g) be the second derivative of 7*g**5/20 + g**3/6 - g. Calculate the remainder when v is divided by s(1).
7
Let x(p) = -p**2 - 9*p - 14. What is the remainder when 12 is divided by x(-6)?
0
Suppose 0 = 4*w - 14 - 50. What is the remainder when 59 is divided by w?
11
Let w = -194 - -311. Suppose w = -2*f + 5*f. Suppose -b = -4*b + 42. Calculate the remainder when f is divided by b.
11
Let b = 27 - 40. What is the remainder when -3*1 - (b - 1) is divided by 3?
2
Let c = 122 - 45. What is the remainder when c is divided by 16?
13
Let g(u) = -7 - 4 + 3 - 3*u + 0*u. Let a be g(-7). Suppose -p = -25 - a. What is the remainder when p is divided by 20?
18
Suppose -5*g + 23 = -2*h + 6*h, g - 3 = 0. What is the remainder when 29 + -2 + (h - 2) is divided by 10?
7
Let p = 30 + -50. Let j = 42 + p. Calculate the remainder when j is divided by 12.
10
Let w = -58 - -71. What is the remainder when w is divided by 7?
6
Suppose -4*b - 4*r + 452 = 0, r = 5*b - 3*r - 574. Suppose 4*u = u + b. Calculate the remainder when u is divided by 20.
18
Let q(n) = -n**3 + 33. Let c = -9 + 9. Calculate the remainder when q(c) is divided by 12.
9
Suppose -3*c + 4*d = 2*c - 145, -4*c + 120 = -4*d. Calculate the remainder when c is divided by (-190)/(-14) + (-12)/(-28).
11
Let k = 3 - -1. Calculate the remainder when 23 is divided by k.
3
Suppose -4*g = 67 - 631. What is the remainder when g is divided by 18?
15
Suppose 0*d + 218 = 2*d. Let j = d - 63. Let w = -1 - -17. Calculate the remainder when j is divided by w.
14
Let g = 3 - 1. Suppose g*o - 44 = -6. Calculate the remainder when o is divided by (7/(14/40))/2.
9
Suppose 0*b + r + 76 = 3*b, -4*r = -5*b + 122. Calculate the remainder when b is divided by 7.
5
Suppose -6*p + 41 + 193 = 0. Calculate the remainder when p is divided by 21.
18
Let n = 3 - -1. Suppose -2*k + 2 = -n*w, 12 = 3*w - 0. Calculate the remainder when 17 is divided by k.
8
Let o(l) = 8*l - 16. What is the remainder when o(5) is divided by 14?
10
Suppose 67 = -5*h + 177. Let j(c) = 3*c**2 - 4*c - 3. Let b be j(-3). Suppose -m + 4*m = b. Calculate the remainder when h is divided by m.
10
Let p(q) = 15*q - 17. What is the remainde